 1))?
7
Evaluate (4 - (-2 - -6)) + 4.
4
Calculate 6 - (-1 - (-1 + -1)).
5
What is -6 - (1 - (-4 - 0 - -8))?
-3
3 - (11 + -10 - -6)
-4
Evaluate -9 + -4 + 14 - (1 - -6).
-6
1 - 0 - (157 - 147)
-9
Evaluate 12 + -6 + -6 - (-2 - 1).
3
1 - (3 + -7 + 1) - 5
-1
Calculate -5 + 7 + 8 - 12.
-2
What is 6 + (6 - (11 - 0))?
1
-3 + 3 + -1 + -4 - -2
-3
What is 19 - ((18 - 11) + 4)?
8
What is the value of -33 - -15 - -23 - (0 - -12)?
-7
Calculate 0 + 7 - (15 + -10 + 0).
2
What is the value of (1 + 2 - -2) + -1 + 1?
5
What is 0 - (5 + (5 - 6))?
-4
Calculate (3 - 1) + (1 - (-5 + 12)).
-4
-20 - 1 - (-69 - -55)
-7
(-2 - 1) + (-33 - -41)
5
What is the value of (-2 - -4) + 1 + (-5 - -1)?
-1
Evaluate 4 - (0 - (-13 + 1)).
-8
What is the value of 0 - 3 - (-4 - (-1 + 1))?
1
Calculate -2 + (1 + -4 - -6).
1
6 + -4 + (-6 - -1)
-3
Calculate 0 + -10 + 7 + 2.
-1
Calculate 3 + -1 - (-2 - 3 - -6).
1
What is (-4 - (0 - 2)) + -35 + 44?
7
Evaluate (-8 - -2 - -18) + -6.
6
Calculate 1 - (13 + -4 + -1).
-7
What is 3 + 5 - (-1 - -2)?
7
What is the value of 6 + (9 - 9) + -13?
-7
What is the value of -9 + 3 - (-14 - -10)?
-2
Evaluate 6 + -6 + 2 + 1 + 1.
4
Evaluate 1 - (-6 - (2 + -3)).
6
What is -1 + (3 - (2 - 5))?
5
-1 - 2 - (-6 - -8)
-5
0 - -3 - 6 - (0 - -1)
-4
What is the value of 0 - -8 - (-33 - -44)?
-3
What is 2 + 0 - (-2 - (-1 + -4))?
-1
What is the value of -1 - 3 - (59 - 70)?
7
Calculate (-1 - -6) + -8 - -7.
4
What is the value of -3 - 7 - (2 + -13)?
1
What is 6 - (-2 + (8 - 2))?
2
(7 - 13) + 16 + -7
3
-5 - (-10 - -2) - (-4 - -1)
6
-11 - -7 - (-5 + -1 + -1)
3
Calculate -1 + -1 + -4 + 6 - 4.
-4
What is the value of (7 - (17 - 11)) + 7?
8
What is the value of 4 + (-2 - 5 - (-5 - -4))?
-2
-6 + (4 - -1) + -1 + -1
-3
Evaluate (-13 - 0) + 46 + -41 - -14.
6
Evaluate (6 - 12) + (0 - -2).
-4
What is -6 + (17 - (13 + -8))?
6
Evaluate -22 + (-2 - -12) - -5.
-7
What is the value of (-7 - (-14 + 7)) + -2?
-2
8 + -5 - 7 - (0 + -7)
3
What is the value of 9 + (-15 - (-5 - 1))?
0
-1 + (3 - (3 + 2))
-3
-9 - ((5 - 11) + 5) - -2
-6
What is (0 - -7) + -5 + -5?
-3
3 + -3 + (-8 - -8)
0
Evaluate -4 + 2 + (2 - -1).
1
Calculate 5 - (-2 + (9 - 4) - 3).
5
What is (-12 + 4 - 7) + 9?
-6
10 + -11 - (3 - 1) - 0
-3
What is -1 - (4 + (8 - 10))?
-3
Evaluate 2 - 0 - 2 - (10 + -6).
-4
Calculate 3 + -5 + 3 + 1.
2
Calculate 1 - (-5 - (7 - 7)).
6
Evaluate (-273 - -272) + (0 - 7 - 1).
-9
Calculate 8 + 0 - (-1 + 18 + -14).
5
Calculate 3 + (-6 - 3) - -2.
-4
Evaluate 13 + 0 - (9 - 1).
5
Calculate -8 + (-2 - (-6 + -10)).
6
What is the value of 0 + 4 + (7 - 14 - 2)?
-5
Evaluate 1 - 0 - (7 + (6 - 9)).
-3
What is -5 + (-16 + 17 - (-4 - -2))?
-2
Evaluate -2 + -7 - -5 - -5.
1
What is (0 - (1 - 2)) + 1?
2
What is 9 - (10 - (-3 + 8))?
4
Calculate 11 - 15 - (-3 - -3 - -1).
-5
Evaluate 1 + -1 + 7 + -3.
4
Calculate -12 + (9 - 3) + 6 + -5.
-5
Calculate 6 + 5 + -2 + -7.
2
What is 1 + -6 + (-6 - -10)?
-1
What is -4 + (0 - 3) + (-7 - -11)?
-3
What is the value of (-4 - 2) + 7 + 3?
4
Evaluate (-1 - -3) + (-43 - -44).
3
Evaluate -4 + (1 - -5) - 3.
-1
Evaluate -50 + 41 - (-9 + 1).
-1
Calculate 6 + (3 - (3 + 0)) + -1.
5
Evaluate -78 - -80 - ((1 - 1) + -4).
6
Evaluate -2 + 5 - (5 - 4).
2
7 + 0 - (14 + -11)
4
Evaluate -6 + (1 - (-1 + -8 - -4)).
0
Evaluate 7 + (-1 - 3) - 8.
-5
Evaluate 0 + 9 + 2 + -6.
5
Evaluate 9 + 4 + -20 + 7.
0
What is the value of -3 - (7 - 11) - (-2 - -6)?
-3
What is 3 - 10 - 3 - -11?
1
What is -5 + 3 + 2 + -4?
-4
What is -3 - (1 - -1) - (3 - 8)?
0
What is the value of 3 - (1 - (6 + -4))?
4
What is (4 - (-1 + 8)) + 0 + 1?
-2
Evaluate -4 + (3 - (-1 - -5)) + 1.
-4
3 + -2 + -3 + 1 + 4
3
What is 4 + -1 - (8 + -6)?
1
Evaluate 10 + -26 + (10 - 0).
-6
What is the value of 3 + (1 - 1 - (-7 + 6))?
4
What is 5 - (5 + -9 + 6)?
3
What is 4 + -2 + (-12 - (-2 + -4))?
-4
What is -4 - (-4 + 2 + 0 + 0)?
-2
Evaluate 0 - -9 - (-16 + 20).
5
What is 0 - (0 + -3) - 6?
-3
7 - ((6 - (2 + 8)) + 2)
9
What is the value of -1 + -7 - (-107 + 92)?
7
What is the value of -9 + 10 + -1 - (-2 - 5)?
7
Calculate (-2 - (2 + -6)) + -7 + 5.
0
0 + (-12 - -5) + 11
4
What is the value of -2 - ((0 - 4 - -8) + -9)?
3
-9 - (-5 - -1 - 6)
1
Evaluate (17 - 11) + (-9 - -1) - -1.
-1
Calculate 8 + (-12 - 3) + 6.
-1
Evaluate 4 + -7 + 3 - 5.
-5
Calculate (-23 + 16 - 7) + (0 - -7).
-7
Calculate -9 + (-1 - -2) + 3 + 8.
3
Calculate -10 + (12 - 7) - (-2 + 0).
-3
Evaluate -3 - (-2 + -2) - 2 - 2.
-3
What is -5 + 3 + 2 + -1 + -1?
-2
What is the value of 0 + 1 + 3 - 2?
2
Calculate -7 + (8 - 4) - -12.
9
5 + 0 + (7 - 7)
5
Evaluate (-1 - 5) + (19 - 15).
-2
What is -1 + (11 - 2 - 3)?
5
Evaluate -8 + 3 + 1 - -8.
4
What is the value of (8 - (0 - -1)) + -5?
2
Evaluate -4 - (5 - (2 - -4)).
-3
12 + (-6 - -2) + -4 + 0
4
What is the value of -1 - (4 + -10 - -9)?
-4
Calculate 4 + (-13 - (-10 - -1)).
0
Calculate 2 - ((-6 - -10) + 0 - 11).
9
What is -5 - (2 + -2 - 3 - -3)?
-5
41 - 44 - (1 - (1 + 0))
-3
Calculate 5 + -2 + (-4 - 0 - -3).
2
Evaluate 1 - (3 - 3) - (-1 - -7).
-5
Evaluate (-5 - -4) + -1 + (11 - 4).
5
What is the value of -2 + -10 - 0 - -5?
-7
Evaluate 1 - (-1 + (-2 - 1 - -7)).
-2
(6 - -1) + 8 + -16
-1
4 + (5 + -13 - -2)
-2
What is -7 + (6 - (-4 - -1))?
2
Calculate 3 + (-4 - (2 + 1)).
-4
What is the value of 0 + 4 + (3 - 2)?
5
(2 - -1) + -7 + 5 - 4
-3
Calculate (-2 - -4) + 11 + -8 + 6.
11
Calculate -8 + -17 - -20 - (-5 - 0).
0
Evaluate -7 + 9 + -1 - -5.
6
What is (7 - 1) + -10 - (-8 + -1)?
5
What is the value of 2 + 2 + -7 - -7?
4
Evaluate (-1 + 5 - 2) + 0 + 7.
9
What is 1 - -2 - ((-7 - -33) + -14)?
-9
What is the value of -1 + 3 - (-2 - -1 - 2)?
5
Calculate 1 - (-5 - -5 - -2).
-1
What is the value of -8 + (6 + 13 - 5) + -5?
1
Calculate 3 + (1 + -6 - -1) + 3.
2
18 + -9 - (11 - 3)
1
Calculate (42 - 43) + 2 + -1.
0
Evaluate (0 + -7 - -4) + 0.
-3
What is (0 + 0 + -2 - -8) + -1?
5
What is the value of (-2 - 7 - -1) + 5?
-3
1 - (-12 - -10 - -7)
-4
Evaluate 11 + (-3 - 19) - (0 + -4).
-7
What is (-1 - (0 - 2)) + -3 + -3?
-5
9 + -1 + (-2 - 4)
2
What is -1 + 0 - -1 - (1 - 3)?
2
Evaluate 4 - (3 + 2 + -1).
0
Evaluate (-4 - -1) + 6 + -1 - 5.
-3
What is -1 + 2 + -3 + 2?
0
Evaluate 1 + -4 + (-2 - -12) - 3.
4
Evaluate -2 + (5 - 5) + 0.
-2
Calculate 6 + -2 + (4 - (-9 + 18)).
-1
Calculate -52 + 56 - (0 + (1 - -2)).
1
Calculate (4 - (6 + -4)) + -1.
1
(3 - -1) + 0 + 1 + 0
5
What is the value of 12 + (-12 - (-3 + -6))?
9
What is the value of 0 - -1 - (3 + -6)?
4
-15 + 17 - (1 - (10 - 4))
7
-2 + -4 + 2 + -1 + 3
-2
Evaluate -1 + 1 - (-8 - -19 - 8).
-3
Evaluate (-7 - -7 - 0) + (3 - 4).
-1
Calculate 0 - (-6 - (-4 - -2)).
4
What is the value of 7 - 4 - (3 - 1)?
1
Evaluate (-4 - (-6 - 3)) + -6.
-1
(2 - 0 - -3) + -1 + 1
5
12 - (-1 - 5 - (14 - 23))
9
What is (-1 - 2) + (2 - 3 - -1)?
-3
What is the value of 5 - -3 - (-2 - -6)?
4
Evaluate (5 + 8 - 7) + -12.
-6
What is the value of (-8 - -4 - -11) + -12?
-5
What is the value of (-6 - (8 + -8)) + 2?
-4
What is the value of -4 - 0 - (3 + -7) - -5?
5
0 + -6 + -4 + 5
-5
What is the value of 1 + -1 + 23 + -24?
-1
What is the value of 3 + (7 + 0 - 5)?
5
(2 - (3 + -1)) + -5 + 1
-4
Calculate (7 - 3) + -3 + -2 - -2.
1
Evaluate 13 + 1 + (138 - 156).
-4
6 - (-1 - 1 - -12)
-4
What is the value of -17 + 7 + 5 + -2 + 14?
7
What is 14 - (25 - 7) - (0 - 4)?
0
What is -2 - -3 - (10 + -14)?
5
Calculate (-1 - 0) + 1 + 3.
3
Evaluate -2 + (1 - 1) + (-3 - -3).
-2
Evaluate -1 + 8 + 2 - 6.
3
Evaluate (4 - -1) + (-9 - (-5 + 0)).
1
(0 + -1 - -3) + (-5 - 2)
-5
What is 3 - (0 + 12 + -2)?
-7
-4 + -1 + 0 + -2 + 2
-5
Evaluate 0 + (-8 - (-7 - (2 + -6))).
-5
Evaluate (-4 + -5 - -3) + 5.
-1
What is the value of 3 + 1 + (2 - (-4 + 7))?
3
What is 2 + 4 + 1 + (1 - 4)?
4
What is 0 + -1 + (-106 - -111)?
4
What is -11 - (5 + -3 - 7)?
-6
7 + (-18 - (-5 + -3))
-3
What is 0 + 9 - (-7 + 6 + 4)?
6
Evaluate -37 - -43 - (-2 - (-2 - -1)).
7
Calculate (6 - -1) + (13 + -14 - 13).
-7
What is the value of -9 + (11 + -11 - 0)?
-9
What is -1 + 3 + -8 + 6?
0
Calculate -8 - (-5 - (8 + -2)).
3
Evaluate (-1 - 7) + (9 - 5 - 1).
-5
Evaluate 12 - ((-2 - (-2 - -5)) + 7).
10
(-1 - -3) + (-1 - 1) - -3
3
0 + -1 + 1 + (150 - 157)
-7
Calculate (0 - -9 - 9) + 0.
0
Evaluate (-1 - 0) + (7 - 1).
5
Calculate (1 - 6) + (9 + -3 - 7).
-6
What is the value of (-2 - 1) + 0 - (12 - 13)?
-2
Calculate -17 - -16 - ((-3 - -2) + 4).
-4
What i